{"id":4906,"date":"2026-09-05T12:59:02","date_gmt":"2026-09-05T10:59:02","guid":{"rendered":"https:\/\/szeffesztival.hu\/?page_id=4906"},"modified":"2026-09-05T12:59:02","modified_gmt":"2026-09-05T10:59:02","slug":"nepdalszovegek","status":"publish","type":"page","link":"https:\/\/szeffesztival.hu\/de\/nepdalszovegek\/","title":{"rendered":"N\u00e9pdalsz\u00f6vegek"},"content":{"rendered":"<div class=\"fusion-fullwidth fullwidth-box fusion-builder-row-1 fusion-flex-container has-pattern-background has-mask-background nonhundred-percent-fullwidth non-hundred-percent-height-scrolling\" style=\"--awb-border-radius-top-left:0px;--awb-border-radius-top-right:0px;--awb-border-radius-bottom-right:0px;--awb-border-radius-bottom-left:0px;--awb-flex-wrap:wrap;\" ><div class=\"fusion-builder-row fusion-row fusion-flex-align-items-flex-start fusion-flex-content-wrap\" style=\"max-width:1216.8px;margin-left: calc(-4% \/ 2 );margin-right: calc(-4% \/ 2 );\"><div class=\"fusion-layout-column fusion_builder_column fusion-builder-column-0 fusion_builder_column_1_1 1_1 fusion-flex-column\" style=\"--awb-bg-size:cover;--awb-width-large:100%;--awb-margin-top-large:20px;--awb-spacing-right-large:1.92%;--awb-margin-bottom-large:20px;--awb-spacing-left-large:1.92%;--awb-width-medium:100%;--awb-order-medium:0;--awb-spacing-right-medium:1.92%;--awb-spacing-left-medium:1.92%;--awb-width-small:100%;--awb-order-small:0;--awb-spacing-right-small:1.92%;--awb-spacing-left-small:1.92%;\"><div class=\"fusion-column-wrapper fusion-column-has-shadow fusion-flex-justify-content-flex-start fusion-content-layout-column\"><div class=\"fusion-text fusion-text-1\"><p>1. Hallja minden h\u00e1znak ura,<br \/>Tizet \u00fct\u00f6tt m\u00e1r az \u00f3ra.<br \/>2. T\u0171zre, v\u00edzre vigy\u00e1zzatok,<br \/>Hogy k\u00e1rokat ne valljatok.<br \/>3. Dics\u00e9rtess\u00e9k J\u00e9zus, M\u00e1rja.<br \/>Tizet \u00fct\u00f6tt m\u00e1r az \u00f3ra.<\/p>\n<p>4. \u00c9jf\u00e9l ut\u00e1n \u00fct\u00f6tt egyet,<br \/>M\u00e1r egy nappal \u00e9rt\u00fcnk t\u00f6bbet.<br \/>5. Isten tartsa gazd\u00e1inkat,<br \/>Vel\u00fck egy\u00fctt csal\u00e1djukat.<br \/>6. Dics\u00e9rtess\u00e9k J\u00e9zus, M\u00e1rja,<br \/>\u00c9jf\u00e9l ut\u00e1n egy az \u00f3ra.<\/p>\n<p>7. Hallod-e, te, h\u00e1znak ura?<br \/>M\u00e1r kett\u0151t \u00fct\u00f6tt az \u00f3ra.<br \/>8. Sz\u0171z M\u00e1ria, \u00e9desany\u00e1m,<br \/>K\u00e9rlek t\u00e9ged, vigy\u00e1zz re\u00e1m!<br \/>9. M\u00e1r kett\u0151t \u00fct\u00f6tt az \u00f3ra,<br \/>Dics\u00e9rtess\u00e9k J\u00e9zus, M\u00e1rja.<\/p>\n<p>&nbsp;<\/p>\n<p>\u00dcdv\u00f6zl\u00e9gy M\u00e1ria,<br \/>malaszttal teljes,<br \/>Az \u00dar van teveled,<br \/>\u00c1ldott vagy az asszonyok k\u00f6z\u00f6tt,<br \/>\u00c9s \u00e1ldott a te m\u00e9hednek gy\u00fcm\u00f6lcse,<br \/>J\u00e9zus. Asszonyunk,<br \/>Sz\u0171z M\u00e1ria, Istennek szent anyja,<br \/>Im\u00e1dkozz\u00e1l \u00e9rett\u00fcnk, b\u0171n\u00f6s\u00f6k\u00e9rt,<br \/>Most \u00e9s hal\u00e1lunk \u00f3r\u00e1j\u00e1n \u00e1men.<\/p>\n<\/div><\/div><\/div><\/div><\/div>","protected":false},"excerpt":{"rendered":"","protected":false},"author":1,"featured_media":0,"parent":0,"menu_order":0,"comment_status":"closed","ping_status":"closed","template":"","meta":{"_monsterinsights_skip_tracking":false,"footnotes":""},"class_list":["post-4906","page","type-page","status-publish","hentry"],"yoast_head":"<!-- This site is optimized with the Yoast SEO plugin v28.4 - https:\/\/yoast.com\/product\/yoast-seo-wordpress\/ -->\n<title>N\u00e9pdalsz\u00f6vegek - SZ\u00c9F Fesztiv\u00e1l<\/title>\n<meta name=\"robots\" content=\"index, follow, max-snippet:-1, max-image-preview:large, max-video-preview:-1\" \/>\n<link rel=\"canonical\" href=\"https:\/\/szeffesztival.hu\/de\/nepdalszovegek\/\" \/>\n<meta property=\"og:locale\" content=\"de_DE\" \/>\n<meta property=\"og:type\" content=\"article\" \/>\n<meta property=\"og:title\" content=\"N\u00e9pdalsz\u00f6vegek - SZ\u00c9F Fesztiv\u00e1l\" \/>\n<meta property=\"og:url\" content=\"https:\/\/szeffesztival.hu\/de\/nepdalszovegek\/\" \/>\n<meta property=\"og:site_name\" content=\"SZ\u00c9F Fesztiv\u00e1l\" \/>\n<meta property=\"article:publisher\" content=\"https:\/\/www.facebook.com\/szefesztival\" \/>\n<meta name=\"twitter:card\" content=\"summary_large_image\" \/>\n<meta name=\"twitter:label1\" content=\"Gesch\u00e4tzte Lesezeit\" \/>\n\t<meta name=\"twitter:data1\" content=\"4\u00a0Minuten\" \/>\n<script type=\"application\/ld+json\" class=\"yoast-schema-graph\">{\"@context\":\"https:\\\/\\\/schema.org\",\"@graph\":[{\"@type\":\"WebPage\",\"@id\":\"https:\\\/\\\/szeffesztival.hu\\\/nepdalszovegek\\\/\",\"url\":\"https:\\\/\\\/szeffesztival.hu\\\/nepdalszovegek\\\/\",\"name\":\"N\u00e9pdalsz\u00f6vegek - SZ\u00c9F Fesztiv\u00e1l\",\"isPartOf\":{\"@id\":\"https:\\\/\\\/szeffesztival.hu\\\/#website\"},\"datePublished\":\"2026-09-05T10:59:02+00:00\",\"breadcrumb\":{\"@id\":\"https:\\\/\\\/szeffesztival.hu\\\/nepdalszovegek\\\/#breadcrumb\"},\"inLanguage\":\"de\",\"potentialAction\":[{\"@type\":\"ReadAction\",\"target\":[\"https:\\\/\\\/szeffesztival.hu\\\/nepdalszovegek\\\/\"]}]},{\"@type\":\"BreadcrumbList\",\"@id\":\"https:\\\/\\\/szeffesztival.hu\\\/nepdalszovegek\\\/#breadcrumb\",\"itemListElement\":[{\"@type\":\"ListItem\",\"position\":1,\"name\":\"Kezd\u0151lap\",\"item\":\"https:\\\/\\\/szeffesztival.hu\\\/\"},{\"@type\":\"ListItem\",\"position\":2,\"name\":\"N\u00e9pdalsz\u00f6vegek\"}]},{\"@type\":\"WebSite\",\"@id\":\"https:\\\/\\\/szeffesztival.hu\\\/#website\",\"url\":\"https:\\\/\\\/szeffesztival.hu\\\/\",\"name\":\"SZ\u00c9F Fesztiv\u00e1l\",\"description\":\"\",\"publisher\":{\"@id\":\"https:\\\/\\\/szeffesztival.hu\\\/#organization\"},\"potentialAction\":[{\"@type\":\"SearchAction\",\"target\":{\"@type\":\"EntryPoint\",\"urlTemplate\":\"https:\\\/\\\/szeffesztival.hu\\\/?s={search_term_string}\"},\"query-input\":{\"@type\":\"PropertyValueSpecification\",\"valueRequired\":true,\"valueName\":\"search_term_string\"}}],\"inLanguage\":\"de\"},{\"@type\":\"Organization\",\"@id\":\"https:\\\/\\\/szeffesztival.hu\\\/#organization\",\"name\":\"SZ\u00c9F Fesztiv\u00e1l\",\"url\":\"https:\\\/\\\/szeffesztival.hu\\\/\",\"logo\":{\"@type\":\"ImageObject\",\"inLanguage\":\"de\",\"@id\":\"https:\\\/\\\/szeffesztival.hu\\\/#\\\/schema\\\/logo\\\/image\\\/\",\"url\":\"https:\\\/\\\/szeffesztival.hu\\\/wp-content\\\/uploads\\\/2023\\\/03\\\/cropped-logo.png\",\"contentUrl\":\"https:\\\/\\\/szeffesztival.hu\\\/wp-content\\\/uploads\\\/2023\\\/03\\\/cropped-logo.png\",\"width\":512,\"height\":512,\"caption\":\"SZ\u00c9F Fesztiv\u00e1l\"},\"image\":{\"@id\":\"https:\\\/\\\/szeffesztival.hu\\\/#\\\/schema\\\/logo\\\/image\\\/\"},\"sameAs\":[\"https:\\\/\\\/www.facebook.com\\\/szefesztival\",\"https:\\\/\\\/www.instagram.com\\\/szeffesztival\\\/\"]}]}<\/script>\n<!-- \/ Yoast SEO plugin. -->","yoast_head_json":{"title":"N\u00e9pdalsz\u00f6vegek - SZ\u00c9F Fesztiv\u00e1l","robots":{"index":"index","follow":"follow","max-snippet":"max-snippet:-1","max-image-preview":"max-image-preview:large","max-video-preview":"max-video-preview:-1"},"canonical":"https:\/\/szeffesztival.hu\/de\/nepdalszovegek\/","og_locale":"de_DE","og_type":"article","og_title":"N\u00e9pdalsz\u00f6vegek - SZ\u00c9F Fesztiv\u00e1l","og_url":"https:\/\/szeffesztival.hu\/de\/nepdalszovegek\/","og_site_name":"SZ\u00c9F Fesztiv\u00e1l","article_publisher":"https:\/\/www.facebook.com\/szefesztival","twitter_card":"summary_large_image","twitter_misc":{"Gesch\u00e4tzte Lesezeit":"4\u00a0Minuten"},"schema":{"@context":"https:\/\/schema.org","@graph":[{"@type":"WebPage","@id":"https:\/\/szeffesztival.hu\/nepdalszovegek\/","url":"https:\/\/szeffesztival.hu\/nepdalszovegek\/","name":"N\u00e9pdalsz\u00f6vegek - SZ\u00c9F Fesztiv\u00e1l","isPartOf":{"@id":"https:\/\/szeffesztival.hu\/#website"},"datePublished":"2026-09-05T10:59:02+00:00","breadcrumb":{"@id":"https:\/\/szeffesztival.hu\/nepdalszovegek\/#breadcrumb"},"inLanguage":"de","potentialAction":[{"@type":"ReadAction","target":["https:\/\/szeffesztival.hu\/nepdalszovegek\/"]}]},{"@type":"BreadcrumbList","@id":"https:\/\/szeffesztival.hu\/nepdalszovegek\/#breadcrumb","itemListElement":[{"@type":"ListItem","position":1,"name":"Kezd\u0151lap","item":"https:\/\/szeffesztival.hu\/"},{"@type":"ListItem","position":2,"name":"N\u00e9pdalsz\u00f6vegek"}]},{"@type":"WebSite","@id":"https:\/\/szeffesztival.hu\/#website","url":"https:\/\/szeffesztival.hu\/","name":"SZ\u00c9F-Festival","description":"","publisher":{"@id":"https:\/\/szeffesztival.hu\/#organization"},"potentialAction":[{"@type":"SearchAction","target":{"@type":"EntryPoint","urlTemplate":"https:\/\/szeffesztival.hu\/?s={search_term_string}"},"query-input":{"@type":"PropertyValueSpecification","valueRequired":true,"valueName":"search_term_string"}}],"inLanguage":"de"},{"@type":"Organization","@id":"https:\/\/szeffesztival.hu\/#organization","name":"SZ\u00c9F-Festival","url":"https:\/\/szeffesztival.hu\/","logo":{"@type":"ImageObject","inLanguage":"de","@id":"https:\/\/szeffesztival.hu\/#\/schema\/logo\/image\/","url":"https:\/\/szeffesztival.hu\/wp-content\/uploads\/2023\/03\/cropped-logo.png","contentUrl":"https:\/\/szeffesztival.hu\/wp-content\/uploads\/2023\/03\/cropped-logo.png","width":512,"height":512,"caption":"SZ\u00c9F Fesztiv\u00e1l"},"image":{"@id":"https:\/\/szeffesztival.hu\/#\/schema\/logo\/image\/"},"sameAs":["https:\/\/www.facebook.com\/szefesztival","https:\/\/www.instagram.com\/szeffesztival\/"]}]}},"_links":{"self":[{"href":"https:\/\/szeffesztival.hu\/de\/wp-json\/wp\/v2\/pages\/4906","targetHints":{"allow":["GET"]}}],"collection":[{"href":"https:\/\/szeffesztival.hu\/de\/wp-json\/wp\/v2\/pages"}],"about":[{"href":"https:\/\/szeffesztival.hu\/de\/wp-json\/wp\/v2\/types\/page"}],"author":[{"embeddable":true,"href":"https:\/\/szeffesztival.hu\/de\/wp-json\/wp\/v2\/users\/1"}],"replies":[{"embeddable":true,"href":"https:\/\/szeffesztival.hu\/de\/wp-json\/wp\/v2\/comments?post=4906"}],"version-history":[{"count":1,"href":"https:\/\/szeffesztival.hu\/de\/wp-json\/wp\/v2\/pages\/4906\/revisions"}],"predecessor-version":[{"id":4907,"href":"https:\/\/szeffesztival.hu\/de\/wp-json\/wp\/v2\/pages\/4906\/revisions\/4907"}],"wp:attachment":[{"href":"https:\/\/szeffesztival.hu\/de\/wp-json\/wp\/v2\/media?parent=4906"}],"curies":[{"name":"wp","href":"https:\/\/api.w.org\/{rel}","templated":true}]}}

Népdalszövegek

<div class="fusion-fullwidth fullwidth-box fusion-builder-row-1 fusion-flex-container has-pattern-background has-mask-background nonhundred-percent-fullwidth non-hundred-percent-height-scrolling" style="--awb-border-radius-top-left:0px;--awb-border-radius-top-right:0px;--awb-border-radius-bottom-right:0px;--awb-border-radius-bottom-left:0px;--awb-flex-wrap:wrap;" ><div class="fusion-builder-row fusion-row fusion-flex-align-items-flex-start fusion-flex-content-wrap" style="max-width:1216.8px;margin-left: calc(-4% / 2 );margin-right: calc(-4% / 2 );"><div class="fusion-layout-column fusion_builder_column fusion-builder-column-0 fusion_builder_column_1_1 1_1 fusion-flex-column" style="--awb-bg-size:cover;--awb-width-large:100%;--awb-margin-top-large:20px;--awb-spacing-right-large:1.92%;--awb-margin-bottom-large:20px;--awb-spacing-left-large:1.92%;--awb-width-medium:100%;--awb-order-medium:0;--awb-spacing-right-medium:1.92%;--awb-spacing-left-medium:1.92%;--awb-width-small:100%;--awb-order-small:0;--awb-spacing-right-small:1.92%;--awb-spacing-left-small:1.92%;"><div class="fusion-column-wrapper fusion-column-has-shadow fusion-flex-justify-content-flex-start fusion-content-layout-column"><div class="fusion-text fusion-text-1"><p>1. Hallja minden háznak ura,<br />Tizet ütött már az óra.<br />2. Tűzre, vízre vigyázzatok,<br />Hogy károkat ne valljatok.<br />3. Dicsértessék Jézus, Márja.<br />Tizet ütött már az óra.</p>
<p>4. Éjfél után ütött egyet,<br />Már egy nappal értünk többet.<br />5. Isten tartsa gazdáinkat,<br />Velük együtt családjukat.<br />6. Dicsértessék Jézus, Márja,<br />Éjfél után egy az óra.</p>
<p>7. Hallod-e, te, háznak ura?<br />Már kettőt ütött az óra.<br />8. Szűz Mária, édesanyám,<br />Kérlek téged, vigyázz reám!<br />9. Már kettőt ütött az óra,<br />Dicsértessék Jézus, Márja.</p>
<p>&nbsp;</p>
<p>Üdvözlégy Mária,<br />malaszttal teljes,<br />Az Úr van teveled,<br />Áldott vagy az asszonyok között,<br />És áldott a te méhednek gyümölcse,<br />Jézus. Asszonyunk,<br />Szűz Mária, Istennek szent anyja,<br />Imádkozzál érettünk, bűnösökért,<br />Most és halálunk óráján ámen.</p>
</div></div></div></div></div>

<!-- This site is optimized with the Yoast SEO plugin v28.4 - https://yoast.com/product/yoast-seo-wordpress/ -->
<title>Népdalszövegek - SZÉF Fesztivál</title>
<meta name="robots" content="index, follow, max-snippet:-1, max-image-preview:large, max-video-preview:-1" />
<link rel="canonical" href="https://szeffesztival.hu/de/nepdalszovegek/" />
<meta property="og:locale" content="de_DE" />
<meta property="og:type" content="article" />
<meta property="og:title" content="Népdalszövegek - SZÉF Fesztivál" />
<meta property="og:url" content="https://szeffesztival.hu/de/nepdalszovegek/" />
<meta property="og:site_name" content="SZÉF Fesztivál" />
<meta property="article:publisher" content="https://www.facebook.com/szefesztival" />
<meta name="twitter:card" content="summary_large_image" />
<meta name="twitter:label1" content="Geschätzte Lesezeit" />
	<meta name="twitter:data1" content="4 Minuten" />
<script type="application/ld+json" class="yoast-schema-graph">{"@context":"https:\/\/schema.org","@graph":[{"@type":"WebPage","@id":"https:\/\/szeffesztival.hu\/nepdalszovegek\/","url":"https:\/\/szeffesztival.hu\/nepdalszovegek\/","name":"Népdalszövegek - SZÉF Fesztivál","isPartOf":{"@id":"https:\/\/szeffesztival.hu\/#website"},"datePublished":"2026-09-05T10:59:02+00:00","breadcrumb":{"@id":"https:\/\/szeffesztival.hu\/nepdalszovegek\/#breadcrumb"},"inLanguage":"de","potentialAction":[{"@type":"ReadAction","target":["https:\/\/szeffesztival.hu\/nepdalszovegek\/"]}]},{"@type":"BreadcrumbList","@id":"https:\/\/szeffesztival.hu\/nepdalszovegek\/#breadcrumb","itemListElement":[{"@type":"ListItem","position":1,"name":"Kezdőlap","item":"https:\/\/szeffesztival.hu\/"},{"@type":"ListItem","position":2,"name":"Népdalszövegek"}]},{"@type":"WebSite","@id":"https:\/\/szeffesztival.hu\/#website","url":"https:\/\/szeffesztival.hu\/","name":"SZÉF Fesztivál","description":"","publisher":{"@id":"https:\/\/szeffesztival.hu\/#organization"},"potentialAction":[{"@type":"SearchAction","target":{"@type":"EntryPoint","urlTemplate":"https:\/\/szeffesztival.hu\/?s={search_term_string}"},"query-input":{"@type":"PropertyValueSpecification","valueRequired":true,"valueName":"search_term_string"}}],"inLanguage":"de"},{"@type":"Organization","@id":"https:\/\/szeffesztival.hu\/#organization","name":"SZÉF Fesztivál","url":"https:\/\/szeffesztival.hu\/","logo":{"@type":"ImageObject","inLanguage":"de","@id":"https:\/\/szeffesztival.hu\/#\/schema\/logo\/image\/","url":"https:\/\/szeffesztival.hu\/wp-content\/uploads\/2023\/03\/cropped-logo.png","contentUrl":"https:\/\/szeffesztival.hu\/wp-content\/uploads\/2023\/03\/cropped-logo.png","width":512,"height":512,"caption":"SZÉF Fesztivál"},"image":{"@id":"https:\/\/szeffesztival.hu\/#\/schema\/logo\/image\/"},"sameAs":["https:\/\/www.facebook.com\/szefesztival","https:\/\/www.instagram.com\/szeffesztival\/"]}]}</script>
<!-- / Yoast SEO plugin. -->

Népdalszövegek - SZÉF Fesztivál

SZÉF Fesztivál

Kezdőlap

SZÉF-Festival
